{"id":5836,"date":"2020-11-16T15:09:29","date_gmt":"2020-11-16T14:09:29","guid":{"rendered":"https:\/\/fravi-hotel.cf\/?page_id=5836"},"modified":"2024-02-29T12:29:52","modified_gmt":"2024-02-29T11:29:52","slug":"hotel-fravi","status":"publish","type":"page","link":"https:\/\/fravi-hotel.ch\/it\/","title":{"rendered":"Hotel Fravi"},"content":{"rendered":"<div class=\"wp-block-stackable-text stk-block-text stk-block stk-7ff5ba9\" data-block-id=\"7ff5ba9\"><p class=\"stk-block-text__text\">Venite a festeggiare le prossime festivit\u00e0 da noi ad Andeer, in montagna. Lasciatevi viziare dal ristorante \u00e0 la carte con piatti e men\u00f9 raffinati. Oppure gustate i piatti della mezza pensione nella sala da pranzo classica.<\/p><\/div>\n\n\n\n<p>Un bagno rilassante quotidiano &hellip;<\/p>","protected":false},"excerpt":{"rendered":"<div class=\"wp-block-stackable-text stk-block-text stk-block stk-fi4t0qj\" data-block-id=\"fi4t0qj\"><p class=\"stk-block-text__text\">Venite a festeggiare le prossime festivit\u00e0 da noi ad Andeer, in montagna. Lasciatevi viziare dal ristorante \u00e0 la carte con piatti e men\u00f9 raffinati. Oppure gustate i piatti della mezza pensione nella sala da pranzo classica.<\/p><\/div>\n\n\n\n<p>Un bagno rilassante quotidiano &hellip;<\/p>","protected":false},"author":1,"featured_media":0,"parent":0,"menu_order":0,"comment_status":"closed","ping_status":"closed","template":"","meta":{"inline_featured_image":false,"_uag_custom_page_level_css":"","footnotes":""},"class_list":["post-5836","page","type-page","status-publish"],"featured_image_urls_v2":{"full":"","thumbnail":"","medium":"","medium_large":"","large":"","1536x1536":"","2048x2048":""},"post_excerpt_stackable_v2":"Venite a festeggiare le prossime festivit\u00e0 da noi ad Andeer, in montagna. Lasciatevi viziare dal ristorante \u00e0 la carte con piatti e men\u00f9 raffinati. Oppure gustate i piatti della mezza pensione nella sala da pranzo classica. Un bagno rilassante quotidiano &hellip;","category_list_v2":"","author_info_v2":{"name":"PP-Admin","url":"https:\/\/fravi-hotel.ch\/it\/author\/pp-admin\/"},"comments_num_v2":"0 commenti","yoast_head":"<!-- This site is optimized with the Yoast SEO Premium plugin v27.2 (Yoast SEO v27.2) - https:\/\/yoast.com\/product\/yoast-seo-premium-wordpress\/ -->\n<title>Hotel Fravi | Hotel Fravi Andeer GR<\/title>\n<meta name=\"robots\" content=\"index, follow, max-snippet:-1, max-image-preview:large, max-video-preview:-1\" \/>\n<link rel=\"canonical\" href=\"https:\/\/fravi-hotel.ch\/it\/\" \/>\n<meta property=\"og:locale\" content=\"it_IT\" \/>\n<meta property=\"og:type\" content=\"article\" \/>\n<meta property=\"og:title\" content=\"Hotel Fravi\" \/>\n<meta property=\"og:description\" content=\"Venite a festeggiare le prossime festivit\u00e0 da noi ad Andeer, in montagna. Lasciatevi viziare dal ristorante \u00e0 la carte con piatti e men\u00f9 raffinati. Oppure gustate i piatti della mezza pensione nella sala da pranzo classica.  Un bagno rilassante quotidiano &hellip;\" \/>\n<meta property=\"og:url\" content=\"https:\/\/fravi-hotel.ch\/it\/\" \/>\n<meta property=\"og:site_name\" content=\"Hotel Fravi Andeer GR\" \/>\n<meta property=\"article:publisher\" content=\"https:\/\/www.facebook.com\/hotelfravi\" \/>\n<meta property=\"article:modified_time\" content=\"2024-02-29T11:29:52+00:00\" \/>\n<meta name=\"twitter:card\" content=\"summary_large_image\" \/>\n<meta name=\"twitter:label1\" content=\"Tempo di lettura stimato\" \/>\n\t<meta name=\"twitter:data1\" content=\"1 minuto\" \/>\n<script type=\"application\/ld+json\" class=\"yoast-schema-graph\">{\"@context\":\"https:\/\/schema.org\",\"@graph\":[{\"@type\":\"WebPage\",\"@id\":\"https:\/\/fravi-hotel.ch\/it\/\",\"url\":\"https:\/\/fravi-hotel.ch\/it\/\",\"name\":\"Hotel Fravi | Hotel Fravi Andeer GR\",\"isPartOf\":{\"@id\":\"https:\/\/fravi-hotel.ch\/it\/#website\"},\"datePublished\":\"2020-11-16T14:09:29+00:00\",\"dateModified\":\"2024-02-29T11:29:52+00:00\",\"breadcrumb\":{\"@id\":\"https:\/\/fravi-hotel.ch\/it\/#breadcrumb\"},\"inLanguage\":\"it-IT\",\"potentialAction\":[{\"@type\":\"ReadAction\",\"target\":[\"https:\/\/fravi-hotel.ch\/it\/\"]}]},{\"@type\":\"BreadcrumbList\",\"@id\":\"https:\/\/fravi-hotel.ch\/it\/#breadcrumb\",\"itemListElement\":[{\"@type\":\"ListItem\",\"position\":1,\"name\":\"Start\",\"item\":\"https:\/\/fravi-hotel.ch\/it\/hotel-fravi\/\"},{\"@type\":\"ListItem\",\"position\":2,\"name\":\"Hotel Fravi\"}]},{\"@type\":\"WebSite\",\"@id\":\"https:\/\/fravi-hotel.ch\/it\/#website\",\"url\":\"https:\/\/fravi-hotel.ch\/it\/\",\"name\":\"Hotel Fravi, Andeer\",\"description\":\"Bade-, Kur- &amp; Ferienhotel Andeer\",\"publisher\":{\"@id\":\"https:\/\/fravi-hotel.ch\/it\/#organization\"},\"alternateName\":\"Hotel Fravi\",\"potentialAction\":[{\"@type\":\"SearchAction\",\"target\":{\"@type\":\"EntryPoint\",\"urlTemplate\":\"https:\/\/fravi-hotel.ch\/it\/?s={search_term_string}\"},\"query-input\":{\"@type\":\"PropertyValueSpecification\",\"valueRequired\":true,\"valueName\":\"search_term_string\"}}],\"inLanguage\":\"it-IT\"},{\"@type\":[\"Organization\",\"Place\"],\"@id\":\"https:\/\/fravi-hotel.ch\/it\/#organization\",\"name\":\"Hotel Fravi, Andeer\",\"alternateName\":\"Hotel Fravi\",\"url\":\"https:\/\/fravi-hotel.ch\/it\/\",\"logo\":{\"@id\":\"https:\/\/fravi-hotel.ch\/it\/#local-main-organization-logo\"},\"image\":{\"@id\":\"https:\/\/fravi-hotel.ch\/it\/#local-main-organization-logo\"},\"sameAs\":[\"https:\/\/www.facebook.com\/hotelfravi\",\"https:\/\/www.instagram.com\/hotel_fravi\/#\"],\"telephone\":[],\"openingHoursSpecification\":[{\"@type\":\"OpeningHoursSpecification\",\"dayOfWeek\":[\"Monday\",\"Tuesday\",\"Wednesday\",\"Thursday\",\"Friday\",\"Saturday\",\"Sunday\"],\"opens\":\"09:00\",\"closes\":\"17:00\"}]},{\"@type\":\"ImageObject\",\"inLanguage\":\"it-IT\",\"@id\":\"https:\/\/fravi-hotel.ch\/it\/#local-main-organization-logo\",\"url\":\"https:\/\/fravi-hotel.ch\/wp-content\/uploads\/2020\/05\/logo_hotel-fravi.png\",\"contentUrl\":\"https:\/\/fravi-hotel.ch\/wp-content\/uploads\/2020\/05\/logo_hotel-fravi.png\",\"width\":542,\"height\":360,\"caption\":\"Hotel Fravi, Andeer\"}]}<\/script>\n<!-- \/ Yoast SEO Premium plugin. -->","yoast_head_json":{"title":"Hotel Fravi | Hotel Fravi Andeer GR","robots":{"index":"index","follow":"follow","max-snippet":"max-snippet:-1","max-image-preview":"max-image-preview:large","max-video-preview":"max-video-preview:-1"},"canonical":"https:\/\/fravi-hotel.ch\/it\/","og_locale":"it_IT","og_type":"article","og_title":"Hotel Fravi","og_description":"Venite a festeggiare le prossime festivit\u00e0 da noi ad Andeer, in montagna. Lasciatevi viziare dal ristorante \u00e0 la carte con piatti e men\u00f9 raffinati. Oppure gustate i piatti della mezza pensione nella sala da pranzo classica.  Un bagno rilassante quotidiano &hellip;","og_url":"https:\/\/fravi-hotel.ch\/it\/","og_site_name":"Hotel Fravi Andeer GR","article_publisher":"https:\/\/www.facebook.com\/hotelfravi","article_modified_time":"2024-02-29T11:29:52+00:00","twitter_card":"summary_large_image","twitter_misc":{"Tempo di lettura stimato":"1 minuto"},"schema":{"@context":"https:\/\/schema.org","@graph":[{"@type":"WebPage","@id":"https:\/\/fravi-hotel.ch\/it\/","url":"https:\/\/fravi-hotel.ch\/it\/","name":"Hotel Fravi | Hotel Fravi Andeer GR","isPartOf":{"@id":"https:\/\/fravi-hotel.ch\/it\/#website"},"datePublished":"2020-11-16T14:09:29+00:00","dateModified":"2024-02-29T11:29:52+00:00","breadcrumb":{"@id":"https:\/\/fravi-hotel.ch\/it\/#breadcrumb"},"inLanguage":"it-IT","potentialAction":[{"@type":"ReadAction","target":["https:\/\/fravi-hotel.ch\/it\/"]}]},{"@type":"BreadcrumbList","@id":"https:\/\/fravi-hotel.ch\/it\/#breadcrumb","itemListElement":[{"@type":"ListItem","position":1,"name":"Start","item":"https:\/\/fravi-hotel.ch\/it\/hotel-fravi\/"},{"@type":"ListItem","position":2,"name":"Hotel Fravi"}]},{"@type":"WebSite","@id":"https:\/\/fravi-hotel.ch\/it\/#website","url":"https:\/\/fravi-hotel.ch\/it\/","name":"Hotel Fravi, Andeer","description":"Bade-, Kur- &amp; Ferienhotel Andeer","publisher":{"@id":"https:\/\/fravi-hotel.ch\/it\/#organization"},"alternateName":"Hotel Fravi","potentialAction":[{"@type":"SearchAction","target":{"@type":"EntryPoint","urlTemplate":"https:\/\/fravi-hotel.ch\/it\/?s={search_term_string}"},"query-input":{"@type":"PropertyValueSpecification","valueRequired":true,"valueName":"search_term_string"}}],"inLanguage":"it-IT"},{"@type":["Organization","Place"],"@id":"https:\/\/fravi-hotel.ch\/it\/#organization","name":"Hotel Fravi, Andeer","alternateName":"Hotel Fravi","url":"https:\/\/fravi-hotel.ch\/it\/","logo":{"@id":"https:\/\/fravi-hotel.ch\/it\/#local-main-organization-logo"},"image":{"@id":"https:\/\/fravi-hotel.ch\/it\/#local-main-organization-logo"},"sameAs":["https:\/\/www.facebook.com\/hotelfravi","https:\/\/www.instagram.com\/hotel_fravi\/#"],"telephone":[],"openingHoursSpecification":[{"@type":"OpeningHoursSpecification","dayOfWeek":["Monday","Tuesday","Wednesday","Thursday","Friday","Saturday","Sunday"],"opens":"09:00","closes":"17:00"}]},{"@type":"ImageObject","inLanguage":"it-IT","@id":"https:\/\/fravi-hotel.ch\/it\/#local-main-organization-logo","url":"https:\/\/fravi-hotel.ch\/wp-content\/uploads\/2020\/05\/logo_hotel-fravi.png","contentUrl":"https:\/\/fravi-hotel.ch\/wp-content\/uploads\/2020\/05\/logo_hotel-fravi.png","width":542,"height":360,"caption":"Hotel Fravi, Andeer"}]}},"uagb_featured_image_src":{"full":false,"thumbnail":false,"medium":false,"medium_large":false,"large":false,"1536x1536":false,"2048x2048":false},"uagb_author_info":{"display_name":"PP-Admin","author_link":"https:\/\/fravi-hotel.ch\/it\/author\/pp-admin\/"},"uagb_comment_info":0,"uagb_excerpt":"Venite a festeggiare le prossime festivit\u00e0 da noi ad Andeer, in montagna. Lasciatevi viziare dal ristorante \u00e0 la carte con piatti e men\u00f9 raffinati. Oppure gustate i piatti della mezza pensione nella sala da pranzo classica. Un bagno rilassante quotidiano &hellip;","_links":{"self":[{"href":"https:\/\/fravi-hotel.ch\/it\/wp-json\/wp\/v2\/pages\/5836","targetHints":{"allow":["GET"]}}],"collection":[{"href":"https:\/\/fravi-hotel.ch\/it\/wp-json\/wp\/v2\/pages"}],"about":[{"href":"https:\/\/fravi-hotel.ch\/it\/wp-json\/wp\/v2\/types\/page"}],"author":[{"embeddable":true,"href":"https:\/\/fravi-hotel.ch\/it\/wp-json\/wp\/v2\/users\/1"}],"replies":[{"embeddable":true,"href":"https:\/\/fravi-hotel.ch\/it\/wp-json\/wp\/v2\/comments?post=5836"}],"version-history":[{"count":23,"href":"https:\/\/fravi-hotel.ch\/it\/wp-json\/wp\/v2\/pages\/5836\/revisions"}],"predecessor-version":[{"id":20461,"href":"https:\/\/fravi-hotel.ch\/it\/wp-json\/wp\/v2\/pages\/5836\/revisions\/20461"}],"wp:attachment":[{"href":"https:\/\/fravi-hotel.ch\/it\/wp-json\/wp\/v2\/media?parent=5836"}],"curies":[{"name":"wp","href":"https:\/\/api.w.org\/{rel}","templated":true}]}}

<div class="wp-block-stackable-text stk-block-text stk-block stk-7ff5ba9" data-block-id="7ff5ba9"><p class="stk-block-text__text">Venite a festeggiare le prossime festività da noi ad Andeer, in montagna. Lasciatevi viziare dal ristorante à la carte con piatti e menù raffinati. Oppure gustate i piatti della mezza pensione nella sala da pranzo classica.</p></div>



<p>Un bagno rilassante quotidiano &hellip;</p>

<div class="wp-block-stackable-text stk-block-text stk-block stk-fi4t0qj" data-block-id="fi4t0qj"><p class="stk-block-text__text">Venite a festeggiare le prossime festività da noi ad Andeer, in montagna. Lasciatevi viziare dal ristorante à la carte con piatti e menù raffinati. Oppure gustate i piatti della mezza pensione nella sala da pranzo classica.</p></div>



<p>Un bagno rilassante quotidiano &hellip;</p>

Venite a festeggiare le prossime festività da noi ad Andeer, in montagna. Lasciatevi viziare dal ristorante à la carte con piatti e menù raffinati. Oppure gustate i piatti della mezza pensione nella sala da pranzo classica. Un bagno rilassante quotidiano &hellip;

<!-- This site is optimized with the Yoast SEO Premium plugin v27.2 (Yoast SEO v27.2) - https://yoast.com/product/yoast-seo-premium-wordpress/ -->
<title>Hotel Fravi | Hotel Fravi Andeer GR</title>
<meta name="robots" content="index, follow, max-snippet:-1, max-image-preview:large, max-video-preview:-1" />
<link rel="canonical" href="https://fravi-hotel.ch/it/" />
<meta property="og:locale" content="it_IT" />
<meta property="og:type" content="article" />
<meta property="og:title" content="Hotel Fravi" />
<meta property="og:description" content="Venite a festeggiare le prossime festività da noi ad Andeer, in montagna. Lasciatevi viziare dal ristorante à la carte con piatti e menù raffinati. Oppure gustate i piatti della mezza pensione nella sala da pranzo classica.  Un bagno rilassante quotidiano &hellip;" />
<meta property="og:url" content="https://fravi-hotel.ch/it/" />
<meta property="og:site_name" content="Hotel Fravi Andeer GR" />
<meta property="article:publisher" content="https://www.facebook.com/hotelfravi" />
<meta property="article:modified_time" content="2024-02-29T11:29:52+00:00" />
<meta name="twitter:card" content="summary_large_image" />
<meta name="twitter:label1" content="Tempo di lettura stimato" />
	<meta name="twitter:data1" content="1 minuto" />
<script type="application/ld+json" class="yoast-schema-graph">{"@context":"https://schema.org","@graph":[{"@type":"WebPage","@id":"https://fravi-hotel.ch/it/","url":"https://fravi-hotel.ch/it/","name":"Hotel Fravi | Hotel Fravi Andeer GR","isPartOf":{"@id":"https://fravi-hotel.ch/it/#website"},"datePublished":"2020-11-16T14:09:29+00:00","dateModified":"2024-02-29T11:29:52+00:00","breadcrumb":{"@id":"https://fravi-hotel.ch/it/#breadcrumb"},"inLanguage":"it-IT","potentialAction":[{"@type":"ReadAction","target":["https://fravi-hotel.ch/it/"]}]},{"@type":"BreadcrumbList","@id":"https://fravi-hotel.ch/it/#breadcrumb","itemListElement":[{"@type":"ListItem","position":1,"name":"Start","item":"https://fravi-hotel.ch/it/hotel-fravi/"},{"@type":"ListItem","position":2,"name":"Hotel Fravi"}]},{"@type":"WebSite","@id":"https://fravi-hotel.ch/it/#website","url":"https://fravi-hotel.ch/it/","name":"Hotel Fravi, Andeer","description":"Bade-, Kur- &amp; Ferienhotel Andeer","publisher":{"@id":"https://fravi-hotel.ch/it/#organization"},"alternateName":"Hotel Fravi","potentialAction":[{"@type":"SearchAction","target":{"@type":"EntryPoint","urlTemplate":"https://fravi-hotel.ch/it/?s={search_term_string}"},"query-input":{"@type":"PropertyValueSpecification","valueRequired":true,"valueName":"search_term_string"}}],"inLanguage":"it-IT"},{"@type":["Organization","Place"],"@id":"https://fravi-hotel.ch/it/#organization","name":"Hotel Fravi, Andeer","alternateName":"Hotel Fravi","url":"https://fravi-hotel.ch/it/","logo":{"@id":"https://fravi-hotel.ch/it/#local-main-organization-logo"},"image":{"@id":"https://fravi-hotel.ch/it/#local-main-organization-logo"},"sameAs":["https://www.facebook.com/hotelfravi","https://www.instagram.com/hotel_fravi/#"],"telephone":[],"openingHoursSpecification":[{"@type":"OpeningHoursSpecification","dayOfWeek":["Monday","Tuesday","Wednesday","Thursday","Friday","Saturday","Sunday"],"opens":"09:00","closes":"17:00"}]},{"@type":"ImageObject","inLanguage":"it-IT","@id":"https://fravi-hotel.ch/it/#local-main-organization-logo","url":"https://fravi-hotel.ch/wp-content/uploads/2020/05/logo_hotel-fravi.png","contentUrl":"https://fravi-hotel.ch/wp-content/uploads/2020/05/logo_hotel-fravi.png","width":542,"height":360,"caption":"Hotel Fravi, Andeer"}]}</script>
<!-- / Yoast SEO Premium plugin. -->

Venite a festeggiare le prossime festività da noi ad Andeer, in montagna. Lasciatevi viziare dal ristorante à la carte con piatti e menù raffinati. Oppure gustate i piatti della mezza pensione nella sala da pranzo classica.  Un bagno rilassante quotidiano &hellip;
